when (76/2)/1 + 1 is divided by j(3).
9
Let o(c) = -6*c**2 - 219*c - 76. Calculate the remainder when 4/10 + 1854/15 is divided by o(-36).
28
Let g = 100 - 94. What is the remainder when 25 is divided by g?
1
Let u be (-1 - -2*(-9)/(-6)) + 135. Let j = 173 - u. Let c = -4 + 17. What is the remainder when j is divided by c?
10
Let i = -41 - -69. Let p = i - 21. Let f(g) = -4*g - 5. Calculate the remainder when f(-6) is divided by p.
5
Let i = 1129 - 885. What is the remainder when i is divided by 12?
4
Calculate the remainder when 5*22 - (0 + -6 + 10) is divided by 54.
52
Calculate the remainder when (-534)/(-30)*5 - (-2 - 1) is divided by 14.
8
Let d(w) = 3*w**2 + 14*w - 12. Calculate the remainder when 220 is divided by d(-7).
35
Let m = 320 + -278. Calculate the remainder when 160 is divided by m.
34
Let n(g) = g**2 + 27*g - 51. Calculate the remainder when 55 is divided by n(-29).
6
Suppose 2*f + 8 + 6 = 0. Let i(h) = h**3 + 6*h**2 - 7*h + 4. Calculate the remainder when i(f) is divided by 1.
0
Let y = -3158 + 3225. Calculate the remainder when 71 is divided by y.
4
Let n = -53 + 68. Let b = 102 + -60. What is the remainder when b is divided by n?
12
Suppose 0*v - v = -41. What is the remainder when (-49)/(-28)*-4 + 87 is divided by v?
39
Let p = 106 + 84. Suppose -p = -13*i + 8*i. What is the remainder when i is divided by 14?
10
Let l(w) = -w**3 - 5*w**2 + 5*w - 3. Let r be l(-6). Suppose -5*a + 63 = -5*j + 3*j, r*a - 36 = 3*j. What is the remainder when a is divided by 5?
3
Suppose 3175 = 18*l + 7*l. What is the remainder when l is divided by 16?
15
Suppose -5*f = 2*u + 27 - 81, -3*f = -3*u - 24. What is the remainder when 16 is divided by f?
6
Let u(m) = 3*m**2 + 2. Suppose 5*x = 2*r + 202, -x + 5*r + 57 - 12 = 0. What is the remainder when x is divided by u(-2)?
12
Suppose 224 = 7*c - 735. Calculate the remainder when c is divided by 25.
12
Suppose -2*s = -9 - 13. Calculate the remainder when 197 is divided by s.
10
Let c be 3/(-4) + 0 + 530/(-40). Let n = c - -47. What is the remainder when n is divided by 18?
15
Suppose -o + 29 = 8. Calculate the remainder when o is divided by -2 + 9/((-27)/(-24)).
3
Let q(w) = -2*w**3 + 5*w**2 + 21*w + 60. What is the remainder when 286 is divided by q(-3)?
94
Let c(q) = -q**3 + 18*q**2 - 9*q - 30. Calculate the remainder when c(17) is divided by 44.
18
Let j(u) = -3*u**3 - 2*u**2. Suppose 42*i = 45*i - 114. What is the remainder when i is divided by j(-2)?
6
Let v(k) = 6*k**2 + 4*k + 3. Let l = 0 - -92. What is the remainder when l is divided by v(-2)?
16
Suppose 56 = 24*u - 1216. Calculate the remainder when 1056 is divided by u.
49
Let x(y) = 6*y - 12. Calculate the remainder when 8 is divided by x(3).
2
Suppose 2*j = -4*t + 117 + 71, -98 = -2*t + j. Calculate the remainder when 95 is divided by t.
47
Suppose -1580 = -4*s + 4*t - 0*t, -3*s = 2*t - 1170. What is the remainder when s is divided by 18?
14
Let w(p) = -11*p - 386. Calculate the remainder when w(-43) is divided by 30.
27
Let g = -28 + 47. Suppose 0 = 2*q - 4*p - 0 - 20, 0 = 5*q - 2*p - 50. Calculate the remainder when g is divided by q.
9
Let n(g) = -g**3 - 35*g**2 + 44*g + 321. Let s(q) = 6*q - 4. Calculate the remainder when n(-36) is divided by s(4).
13
Suppose 5*b = -5*l - 27 + 92, 4*b - l = 57. Let m = -5 - -8. Suppose m*j - 95 - 67 = 0. Calculate the remainder when j is divided by b.
12
Suppose 44 = 4*w - 4*n, -w + 2*n + 19 = 3*n. Let a = -8 + 16. What is the remainder when w is divided by a?
7
What is the remainder when 256 is divided by 543/6 + (-9)/6?
78
Suppose -3*h = 5*v - 502, -2*v + 6*h = 2*h - 206. What is the remainder when v is divided by 15?
11
Let i = -132 + 147. What is the remainder when i is divided by 6?
3
Suppose 3*v = -15, 0 = -j + 2*v + 10 - 4. Let x(a) = a**3 + 4*a**2. What is the remainder when 51/((-14)/j + -2) is divided by x(-3)?
7
Suppose 5*u + 5*k - 2*k - 129 = 0, 0 = u - 5*k - 9. Suppose 0*b = -b + 95. What is the remainder when b is divided by u?
23
Let j = 189 - 177. Calculate the remainder when 309 is divided by j.
9
Let q = 3 + 5. Let i(z) = z**2 - 808*z + 8009. Calculate the remainder when i(10) is divided by q.
5
Let d(z) = -2*z**2 - 23*z - 5. Suppose -m = 2*m + 9. Let b(q) = q**2 + 12*q + 2. Let r(k) = m*d(k) - 7*b(k). What is the remainder when r(-13) is divided by 10?
7
Let u = 58 + 106. Suppose u = 3*l + l. Suppose -78 = -5*c - 2*q, 2*c = -5*q + 6*q + 24. Calculate the remainder when l is divided by c.
13
Let m(f) = 3*f**2 - 4*f + 2. Suppose 2*w - 2 = 4*h, 5*h - 7 = -3*w + 18. Let c = 52 + -36. Calculate the remainder when c is divided by m(h).
4
Suppose -2*q - 4*c = q + 8, 6 = 2*q - 3*c. Suppose q = z - 3*h + 3, h - 36 = -5*z - h. What is the remainder when 20 is divided by z?
2
Suppose 2*m - q = -0*m + 99, -5*m + 249 = -2*q. Calculate the remainder when 35 is divided by 2/(m/(-57) + 1).
16
Suppose -3*a - 3*j - 162 = 0, -2*a + j = -j + 108. Let c = a - -66. What is the remainder when 21 is divided by c?
9
Suppose -5*o + 44 + 21 = 0. Let x(v) = -v**3 + 4*v**2 + 6*v + 3. Let l be x(5). Suppose 0 = -l*c + 152 + 152. Calculate the remainder when c is divided by o.
12
Let r be (2 + 0)/((-6)/(-9)). Suppose t + 5*b = -3*t + 47, -r*b = 5*t - 49. Calculate the remainder when 13 is divided by t.
5
Calculate the remainder when 54/1 - (-5 - (1 + -3)) is divided by 20.
17
Calculate the remainder when 105 is divided by 10 + 488/(-48) - 244/(-24).
5
Suppose 52 = 11*l - 25. Suppose l + 33 = 8*j. Calculate the remainder when 14 is divided by j.
4
Suppose 171 = 15*m + 4*m. Suppose 5*k - 2*k = -p + 82, -2*k - 4*p + 68 = 0. Calculate the remainder when k is divided by m.
8
Let f(t) = 25*t + 9. Calculate the remainder when 120 is divided by f(1).
18
Let w(q) = 41*q + 77. What is the remainder when w(2) is divided by 33?
27
Let z(s) = 2*s + 8. Let r be z(11). Suppose -84 = -k - r. What is the remainder when k is divided by 15?
9
Let n(l) be the second derivative of -l**2 - 5/3*l**3 + 0 - l. Calculate the remainder when 70 is divided by n(-2).
16
Let c = -197 - -210. What is the remainder when (-2)/5 + (-1008)/(-45) is divided by c?
9
Let n(c) = -2*c + 1. Let j(l) = 8*l - 80. Let b(w) = -j(w) - 2*n(w). Let i = -5 - -16. What is the remainder when b(12) is divided by i?
8
Let k = -12 + 38. Let i = k - 24. What is the remainder when 3 + -2 + (2 - 0) is divided by i?
1
Suppose -2*m - 3*j = -0*m + 13, 0 = 5*m - 3*j + 1. What is the remainder when (m/4)/((-19)/76) is divided by (-3)/(-5) + 4/10?
0
Suppose -294 = -87*t + 45*t. Calculate the remainder when 57 is divided by t.
1
Suppose -4*i - 8 = -u - 3*i, u + 3*i = -8. Suppose -14 = -u*x - 6. Suppose -m + 14 = -4*w - 0, m = 3*w + 12. Calculate the remainder when m is divided by x.
0
Let l = -690 - -760. Calculate the remainder when l is divided by 45.
25
Let y be (-5 + 104 + 1)*1/1. Let z = -90 + y. What is the remainder when 98 is divided by z?
8
Suppose -g + 4*r = -247, -1235 = -4*g - 5*r - 163. What is the remainder when 794 is divided by g?
5
Let s(h) = -h**3 - h**2 + h. Let l(b) = 3*b**3 - 2*b**2 + 10*b - 11. Let c(g) = l(g) + 4*s(g). What is the remainder when 8 is divided by c(-8)?
3
Let j(t) = -129*t - 806. What is the remainder when 301 is divided by j(-7)?
10
Let o(i) = -2*i + 15. Let a be o(-11). Suppose 6*h + 13 - a = 0. What is the remainder when h is divided by 3?
1
Suppose -3*u = -f, 21 = 4*f - 7*u + 2*u. Let q = -17 - f. Calculate the remainder when q/(-4)*(-5 - -7) is divided by 5.
3
Let c = 71 + 77. Suppose 7*l = 9*l - c. What is the remainder when l is divided by 25?
24
Suppose -5*a - 128 = -503. What is the remainder when a is divided by 21?
12
Let n(y) = -y + 13. Let w be (-20)/(-3) - 2/3. Suppose -5*m - w = -36. Calculate the remainder when n(4) is divided by m.
3
Let x = -119 - -120. Let u(y) = 105*y + 1. Calculate the remainder when u(x) is divided by 36.
34
Suppose 0 = -32*o + 7*o + 1050. Calculate the remainder when 124 is divided by o.
40
Calculate the remainder when ((90/4)/15)/(3/62) is divided by 8.
7
Let x(j) = j**2 - j - 1. Let i = 16 - 18. Let m be x(i). Suppose -5*q = -m*s - 130, -4*q = -3*q - 2*s - 27. What is the remainder when 72 is divided by q?
22
Let b be 4/(-18) - (-2)/9. Suppose b = -12*v + 11*v + 5. Suppose -s + 24 = v. Wha